*o, 8*k - 4*k - 4*o - s = 0. Suppose -276 = -4*p + k. Is p composite?
True
Let n = -112 + 113. Is n/(-2)*(-3576)/(30/5) prime?
False
Suppose 1250 = 4*k - 3*i, 0 = -2*k + 4*k + 5*i - 638. Let v = -143 + k. Suppose -v = -4*h - 39. Is h composite?
True
Let d(h) be the second derivative of 31*h**4/12 - h**3/2 - 3*h**2/2 - 2*h. Let t(v) = v - 13. Let q be t(11). Is d(q) composite?
False
Let r(x) = -10720*x + 19. Is r(-4) composite?
False
Let c = 9 + -9. Suppose g + 3*l - 85 = c, g - 324 = -3*g - 4*l. Let x = g - 5. Is x a prime number?
False
Let h(k) = -146470*k - 23. Is h(-1) a composite number?
True
Suppose 0 = -2*h - 4*g + 8292, 5*h = -0*g - g + 20694. Is h a prime number?
False
Suppose -3*u - 4*c = -5*u + 6, -9 = u + c. Let h(t) = t**3 + 4*t**2 - 7*t - 12. Let q be h(u). Is (-112)/(-2) + 2/q composite?
True
Let x(i) be the third derivative of 1097*i**4/24 + i**3/3 - 6*i**2. Is x(3) prime?
False
Suppose 0 = -4*w - 5*k + 14594, -7292 = w - 3*w - 5*k. Is w composite?
True
Suppose 5*l + 90 = 3*l. Let f = 68 + l. Is f prime?
True
Suppose 2*s = -8, 2*d - 4*s - 26 = 7*d. Let r be ((-9)/(-27))/(d/12). Is 157*(r + 3)*1 prime?
True
Let h = -12 + 14. Suppose -h*l = 3*y - 115, -y - 2*y + 117 = 3*l. Is y prime?
True
Suppose -883*s + 872*s = -533599. Is s prime?
False
Suppose j - 3 = 2*j. Let q be 8/3 - j/9. Suppose -2*f = a - 371, 0*a + f = q*a - 1120. Is a a composite number?
False
Let c(g) = 3385*g**3. Let i be c(1). Let w = i + -1986. Is w composite?
False
Suppose 27 + 9 = 6*i. Let y(g) = 11*g**2 - 16*g + 7. Is y(i) a composite number?
False
Suppose 1300*f - 1303*f + 633 = 0. Is f prime?
True
Let z(o) = 733*o + 6. Let b(y) = -367*y - 3. Let v(n) = 7*b(n) + 3*z(n). Is v(-1) a composite number?
False
Suppose -437942 = 61*y - 65*y + 3*f, -3*f + 6 = 0. Is y a composite number?
True
Let i be 4 - 7*(-62)/2. Suppose -266 = -q + i. Is q prime?
True
Suppose 8*a - 6*a = -4. Let t = a - -7. Suppose -t - 8 = -h. Is h prime?
True
Let x(d) = -d**3 + 20*d**2 - 18*d - 22. Let q be x(19). Is 64964/16 - q/4 a prime number?
False
Let a = 3570 + 5963. Is a composite?
False
Let f be (28/(-12))/((-1)/3). Let t(z) = -z + f + 5*z - z. Is t(10) composite?
False
Suppose 2*d = -12*s + 8*s + 357190, 446498 = 5*s - d. Is s a prime number?
False
Let b be (17/51)/((-1)/(-111)). Suppose -3*x - b + 784 = 0. Is x a composite number?
True
Let r = 219 - -2614. Suppose -3037 - r = -10*z. Is z prime?
True
Let a = 742 + -188. Suppose -4*o = 0, 3*k + 3*o = 5 + 7. Suppose -k*z + a = -162. Is z a prime number?
True
Suppose -104*f = -4*m - 109*f + 36117, 4*f - 27087 = -3*m. Is m a composite number?
True
Suppose -8*b - 36 = -10*b. Let h(t) = 2*t. Let s be h(3). Is s/4*4236/b a composite number?
False
Let j = 22620 + -41850. Is (1/(-3))/(10/j) a prime number?
True
Let i(u) be the third derivative of 9*u**5 + u**4/12 - u**3/6 - 2*u**2. Let s be i(1). Is (-2)/7 - s/(-7) composite?
True
Let k(p) = -6*p + 2. Let m be k(5). Is (4/(-6))/(m/88410) composite?
True
Suppose 0 = -2*k - 5*m + 14287, 2*k - 16731 = -m - 2432. Is k prime?
True
Let y = 45 - 34. Let u(o) = -o**3 + 13*o**2 + 9*o - 12. Is u(y) prime?
False
Let s = -3 - 0. Let t be 3/(-2)*158/s. Suppose -5*q - t = -2784. Is q a prime number?
True
Let k = -19 + -42. Let f = -12 - k. Is f composite?
True
Let g = 17 - 20. Let s be -3 - (-1 - -2)*g. Suppose 4*d - 20 = s, 4*x - 2*x - 3*d = 839. Is x a prime number?
False
Suppose -68 = 5*m - 8. Let g(k) = k**2 + 15*k + 17. Let f be g(m). Let c = -6 - f. Is c a prime number?
True
Let s(a) = -392*a + 1. Let g = 21 + -20. Let o be s(g). Let n = -264 - o. Is n prime?
True
Let f(p) = p**2 + 3*p. Let l be f(-2). Let v(u) = -31*u**3 - 4*u**2 - 2*u + 2. Let y be v(l). Let b = -89 + y. Is b a prime number?
True
Let s(v) be the third derivative of -17*v**5/40 - 7*v**4/24 - v**3/6 - 4*v**2. Let x(h) be the first derivative of s(h). Is x(-6) a prime number?
False
Suppose 0 = 252*h - 261*h + 272601. Is h composite?
True
Suppose 4*w + 4 = 24. Let l(q) = -2*q - 7*q**2 - 2*q**3 - 5*q**2 - 4*q**3 - 18 + w*q**3. Is l(-12) a composite number?
True
Let t(r) = 12*r**2 - 16*r - 15. Is t(-13) a composite number?
False
Let x(s) = 2*s**2 + 4*s + 3. Let q be x(-2). Let h = 33 + 306. Suppose -q*y = -4*c - h, 5*c = -4*y - 0*c + 421. Is y composite?
False
Let z(c) = c**2 - 16*c + 17. Let d be 7/(2/(-4)*1). Is z(d) composite?
True
Let p = -89 - -94. Suppose 3454 = 3*l + i, 1501 + 3108 = 4*l + p*i. Is l composite?
False
Let a = 1790 + 2616. Is a composite?
True
Let l(v) = -5*v - 17. Let h(q) = -q - 1. Let y be h(-5). Let u(p) = 6*p + 17. Let n(c) = y*u(c) + 3*l(c). Is n(8) a composite number?
False
Let c be (-204)/33 - 2/(-11). Is 4/c + 3473/3 composite?
True
Suppose -4*i + 3*a = -15064, i - 5*a = -a + 3753. Let w = i - 1398. Is w composite?
False
Suppose -23*l - 1563224 = -75*l. Is l prime?
False
Let m = -42 - -44. Suppose m*d = g - 233, 2*d - 921 - 31 = -4*g. Is g composite?
True
Suppose 5*d = -10, 3*d = x + 3*x - 42. Suppose 387 + 72 = x*i. Is i prime?
False
Let b(q) = -95*q**2 + q + 10. Let s(j) = 94*j**2 - j - 9. Let r(u) = -4*b(u) - 3*s(u). Is r(-4) a prime number?
True
Suppose -10*w + 8024 = -2*w. Is w composite?
True
Let z(i) = 1198*i**2 - 2*i. Let h be z(-2). Suppose -4*w + h = -48. Is w a composite number?
True
Suppose 4*h - 12139 = -5*c, 11*h + 3*c - 6067 = 9*h. Is h a composite number?
False
Suppose 20 = -5*q - 15. Is (252/(-8))/q*(-386)/(-3) composite?
True
Is 118/((2 - -1) + 5)*124 prime?
False
Let t = 40 + -35. Suppose 1752 = 4*h - 3*u + t*u, 0 = h + 2*u - 435. Is h prime?
True
Suppose 0 = -38*y + 50*y - 424284. Is y composite?
True
Suppose 4*y - 1691 = -r + 3*y, -5*r = -4*y - 8473. Is r prime?
True
Let m be (3/2)/(7 + 125/(-20)). Suppose -5*z + l + 7417 = -2*z, -3*z - m*l = -7423. Is z a composite number?
False
Is 13/((-78)/(-72078)) - (1 + -1) a prime number?
False
Suppose 4*t = -0*t. Let v = -145 + 144. Is v*(-1397 + (4 - t)) a composite number?
True
Is (-1)/5 - (-8280)/25 composite?
False
Suppose -5*n = -d + 310, d + 3*n = -0*d + 342. Let f = d + -173. Is f a composite number?
False
Let q = 7068 + -1429. Is q composite?
False
Suppose -7*r = -9635 - 5492. Is r prime?
True
Suppose -7*t + t + 5076 = 0. Let x be (11512/12)/(2/3). Let s = x - t. Is s a composite number?
False
Suppose -6*u + 5*u = -2. Let w(i) = i**2 - 1 - i**3 + 4*i - u*i + 6*i**2 - 1. Is w(6) prime?
False
Suppose -13*o + o + 94764 = 0. Is o a composite number?
True
Let f(z) = -90*z - 209. Is f(-6) a prime number?
True
Let u(a) be the second derivative of a**4/3 + 5*a**3/2 + a**2/2 + 11*a. Is u(-10) composite?
False
Let c = 1836 - 2597. Let i = c + 1342. Suppose 2*q - i = 165. Is q composite?
False
Let r = 409 - -2112. Is r a prime number?
True
Suppose -3*s = -2*w + 1 - 13, 4*s + 16 = 0. Is -3*(-3 + (-4)/w*-214) composite?
False
Suppose 21*z - 2215119 = 692310. Is z a composite number?
False
Let i(c) = c**2 - 2*c - 5. Let t be i(4). Suppose -8*a = -t*a - 5. Is 233/1 + 0/a a composite number?
False
Suppose -46*z + 4*u = -43*z - 37969, 2*z - 25307 = -3*u. Is z prime?
False
Is 2/(8/3) - 12193/(-4) a composite number?
False
Let z be (0 + 1)*16/12*3. Suppose -3*v + 5*t + 2866 = 0, -3*v = -4*v - z*t + 927. Is v a composite number?
False
Let v be (-3451)/35 + (-2)/5. Let u = 55 + v. Let h = 15 - u. Is h composite?
False
Let b be ((-10)/8)/((-5)/(-20)). Let z = 9 + b. Suppose -f - z*f = -670. Is f a prime number?
False
Let k be (2 + -7)*(-12)/15. Suppose 1652 - 6928 = -k*j. Suppose 12 = -4*l - 0*l, -4*w + j = -5*l. Is w a prime number?
False
Let u = 883 - 437. Is u prime?
False
Let o = 18 + -16. Is 6 + -5 - (-66 - o) prime?
False
Suppose -p - 3*f = -1249, 4*f = 14 - 2. Let u = p - 690. Suppose 5*a + u = 2085. Is a a prime number?
True
Let f = 8 - 9. Is (5/4)/(f/(-1796)*1) prime?
False
Let f be 5434 + (-11 - -4) + 4 + 1. Suppose -3*a + f + 1747 = 0. Is a a prime number?
True
Is (-69348)/(-16)*28/21 a prime number?
True
Suppose 270 = 3*w - 3957. Is w a composite number?
False
Let y(u) = 102*u**2 - 25*u + 29. Is y(10) prime?
False
Let v = 105 + -60. Let f be (-4)/(1*(-3)/411). Let c = f - v. Is c a prime number?
True
Suppose 0 = -5*l + 3*o - 14, -2*l + 7*l = -o - 2. Let w = 209 - 205. Is 2*l*(-298)/w prime?
True
Let t(q) = -2*q + 5. Let n be t(-10). Suppose x - 8